uppose n - 6 = 26. Calculate the remainder when n is divided by q.
15
Suppose 8*v - i = 3*v + 42, -2*v + 21 = i. Calculate the remainder when 18 is divided by v.
0
Suppose 75 = 5*n - 5*p, 0 = 5*n + 2*p + p - 51. Suppose -4*h = -n - 8, -3*h - 9 = 4*s. What is the remainder when (-4)/s*(-615)/(-10) is divided by 14?
13
Let t be (-22)/(-14) - (-15)/35. Suppose 0 = 4*b + t - 10. What is the remainder when 4 is divided by b?
0
Suppose 19 = s - 3*r, 2*s + r - 2 = 1. Calculate the remainder when 12 is divided by s.
0
Suppose -j + 5 = h - 21, -3*h = j - 18. Calculate the remainder when 58 is divided by j.
28
Suppose 9*b + 7*b - 1792 = 0. What is the remainder when b is divided by 38?
36
Calculate the remainder when 51/(-6)*-4 - 1 is divided by 18.
15
Let n(z) = 2*z - 2. What is the remainder when 22 is divided by n(4)?
4
Suppose 3*t = 4*t - 10. Let v(o) = 9*o + 2 + 3*o - 4*o. Calculate the remainder when v(2) is divided by t.
8
Let c = -3 - -24. What is the remainder when 39 is divided by c?
18
Suppose -m + 21 = 2*m. What is the remainder when 26 is divided by m?
5
Suppose -5*o + o + 4 = 0. Let c be 11 - 0/(-2 - o). Suppose 4*z + 5 = -c, -5*b + 85 = 5*z. What is the remainder when 40 is divided by b?
19
Suppose 0 = 5*u - 3*u - 62. What is the remainder when u is divided by 16?
15
Let l(q) = -4*q + 2. Suppose -2*u + 7*u - 200 = 0. Suppose u = -0*i + 5*i. Calculate the remainder when l(-5) is divided by i.
6
Let m(l) = -8*l**2 - 5*l + 3. Let v(t) = -7*t**2 - 4*t + 2. Let w(j) = 6*m(j) - 7*v(j). Calculate the remainder when 56 is divided by w(-3).
18
Let s = 36 + -20. Let k = s + 7. Let w = -5 + k. Calculate the remainder when w is divided by 10.
8
Let m(q) = -q**3 + 7*q**2 + 5*q + 2. Suppose -5*r - 9 + 44 = 5*f, -4*r = 0. Calculate the remainder when m(f) is divided by 13.
11
Let c = 5 - 2. Calculate the remainder when (0 + 2)/(14/217) is divided by c - 1/1*-5.
7
Let r(n) = -2*n - 2*n + 5 - 3 - 3. Let c(u) = -3*u - 1. Let i(y) = 3*c(y) - 2*r(y). What is the remainder when i(-7) is divided by 3?
0
Let g = -15 + 9. Let f = g + 10. Suppose -4*m - 4*y = 8, 5*m + 1 - 3 = -2*y. What is the remainder when f is divided by m?
0
Suppose -4*n = -u + 5, 2*n = -2*u - 0*n + 50. Calculate the remainder when 83 is divided by u.
20
Let j = -48 - -101. Let o(n) = -n + 9. What is the remainder when j is divided by o(-5)?
11
Suppose 6*a = -1 + 31. Let v = -11 - -19. What is the remainder when v is divided by a?
3
Let r = 37 - -12. Let k = 43 - 30. Calculate the remainder when r is divided by k.
10
Let o be (0 - -1)/((-9)/(-90)). Calculate the remainder when (1 - (1 - 1))*7 is divided by o/3 - 2/(-3).
3
Suppose -7*j = -3*j + 3*y - 39, -28 = -3*j - y. Let d(c) = 4*c + c**2 - 2*c**2 - 3*c + 17*c**3 - 1. Calculate the remainder when d(1) is divided by j.
7
Let d(c) = -2*c**3 + 2*c**2 + 2*c - 1. Let q(g) = -g**3 + 4*g**2 - g + 2. Let o be q(4). Calculate the remainder when d(o) is divided by 10.
9
Let t = 12 + 1. Calculate the remainder when 25 is divided by t.
12
Let r = -23 - -47. Calculate the remainder when 119 is divided by r.
23
Suppose -t + 4 = -3. What is the remainder when t is divided by 30/(-12)*(-2)/1?
2
Let p = -27 + 69. Calculate the remainder when p is divided by 11.
9
Suppose -2*z - 5*v = 2*z - 2, 0 = v + 2. Calculate the remainder when 6 is divided by z.
0
Let r = -70 + 113. What is the remainder when r is divided by 15?
13
Let h(w) = w**3 + w**2 + 1. Let r = -6 - 4. Let g = r + 9. Calculate the remainder when 3 is divided by h(g).
0
Let d be 141/27 + 2/(-9). Let o be 2*3/12*2. Suppose o = h - d. Calculate the remainder when 17 is divided by h.
5
Suppose -4*w + 2*k = -566, -4*k = -4*w + 140 + 428. Suppose 2*i = w - 23. Calculate the remainder when i is divided by 20.
19
Let r(u) be the second derivative of -2*u**3/3 - u**2 + 4*u. Calculate the remainder when r(-4) is divided by 8.
6
Let j be 3/(-4) - (-24)/32. Suppose j = -5*n + 101 + 34. What is the remainder when n is divided by 10?
7
Let j(f) be the first derivative of f**3 + 3*f**2/2 - 2. Let i(g) = -8*g + 4. Calculate the remainder when j(-2) is divided by i(0).
2
Let o(y) = 3*y + 4. What is the remainder when 62 is divided by o(4)?
14
Suppose -4*a + 4*w - 8 = 0, a + 16 = -a - w. Let c = -11 + 22. Calculate the remainder when c is divided by (-3)/(-9) + (-22)/a.
3
Calculate the remainder when 46 is divided by (-2 - (-6)/(-9))*-6.
14
Suppose 2*l + 48 = 6*l + g, 0 = 4*l + 3*g - 40. What is the remainder when 46 is divided by l?
7
Suppose 3*o - 43 = -13. Calculate the remainder when 17 is divided by o.
7
Let d = -2 - 0. Calculate the remainder when (d/(-4))/(7/112) is divided by ((-3)/5)/((-1)/5).
2
Suppose -4*g = -6*g. Let w = 8 - -12. Suppose c + 64 = 3*s, -s = -g*c - c - w. What is the remainder when s is divided by 8?
6
Let g = 45 + -12. Calculate the remainder when g is divided by 10.
3
Suppose -g - 68 = 3*g. Let u = 6 - g. What is the remainder when u is divided by 6?
5
Suppose -3*n + 94 = -125. Calculate the remainder when n is divided by 15.
13
Suppose 3*y = -2*j + 9, -j - 15 = -2*j - 5*y. Let l(z) = 31 + 0*z - z + 8 - 6. Calculate the remainder when l(j) is divided by 17.
16
Suppose -4*f + 75 = f. What is the remainder when 56 is divided by f?
11
Let j = 30 - 11. Let n(u) = 2*u - 2*u**2 + j*u**3 - 6*u**3 - 27 + 26. What is the remainder when 21 is divided by n(1)?
9
Suppose -190 + 26 = -2*o. Calculate the remainder when o is divided by 21.
19
Suppose 2*a = -0*a + 20. Suppose a = -x + 3*x. Suppose 2*d + x*f = 7, -36 = -2*d + d + 4*f. What is the remainder when 46 is divided by d?
14
Let y be 5/((-5)/4) + 1. Let a = 19 + y. Suppose 4*p - 46 = -10. Calculate the remainder when a is divided by p.
7
Let l = 14 - 0. Suppose -4*a - 3*k + 2 = 4, -4*a + l = -5*k. Calculate the remainder when 4/2 - 0/3 is divided by a.
0
Let g = 7 - -1. Suppose -f + 0*f + 23 = 0. What is the remainder when f is divided by g?
7
Let b be (-11 + 5)/((-6)/16). Suppose 0 = g - 4 - b. Calculate the remainder when g is divided by 11.
9
Suppose -2*c - 2*c = -40. Calculate the remainder when 28 is divided by c.
8
Suppose -4*p + 6*p - 272 = 0. Calculate the remainder when p is divided by 46.
44
Let v = 3 + -1. Calculate the remainder when 31 is divided by (13/v + -1)*2.
9
Let b = 21 + -13. What is the remainder when 31 is divided by b?
7
Suppose 6 = -2*v, 0 = -6*n + 2*n + 2*v - 90. Let b be (n/(-15))/(1/10). Let w = 22 - b. What is the remainder when 11 is divided by w?
5
Let h(m) = 2*m**3 - 5*m**2 + m + 4. Let p be h(3). Let k be 12/((-5 - -3)*-1). Let v = p - k. Calculate the remainder when 19 is divided by v.
9
Suppose 10*o = 6*o + 16. Let r(z) = -14*z - 1. Suppose 2*v - 5*v - 3 = 0. Calculate the remainder when r(v) is divided by o.
1
Let b = -9 + 14. Suppose -2*t + b*d + 5 = -15, -3*d = -12. What is the remainder when 58 is divided by t?
18
Suppose 0*r - 17 = -r + 4*y, 0 = 5*r + 5*y - 10. What is the remainder when 18 is divided by r?
3
Suppose -2*g + 0*c - 1 = -3*c, g - 7 = -c. Let a(u) = 4*u - 4. Suppose 0*s - 5*j = -2*s - 11, -33 = -4*s - j. Calculate the remainder when a(g) is divided by s.
5
Suppose -5*t = 5*a - 185, -4*t + 116 = a - 5*a. Calculate the remainder when t is divided by 9.
6
Suppose 0*f - 274 = -4*j + 2*f, 5*j - 365 = -5*f. Calculate the remainder when j is divided by 15.
10
Let f(d) = 20*d**2 - 2*d - 1. Let h be f(-1). Let k = -7 + h. Calculate the remainder when k is divided by 8.
6
Suppose -3*s + 4*v = -228, 0*v + 380 = 5*s - 5*v. Calculate the remainder when s is divided by 20.
16
Let u = -89 - -104. Calculate the remainder when 118 is divided by u.
13
Let m = -6 - -8. Calculate the remainder when 31 is divided by m.
1
Let p(i) = -i**2 - i + 3. Let a(r) = r + 1. Let h(q) = 2*a(q) + p(q). Let x(j) = -j**2 - 7*j - 1. Calculate the remainder when x(-5) is divided by h(0).
4
Let u(q) = -q. Let v(i) = 2*i + 7. What is the remainder when v(4) is divided by u(-6)?
3
Suppose f - 6*f = -75. Let n = -4 + f. Calculate the remainder when n is divided by 4.
3
What is the remainder when (-302)/(-3) + (-6)/(-18) is divided by 26?
23
Let j = -35 + 42. Calculate the remainder when 34 is divided by j.
6
Suppose 0 = 3*p + 5*o - 83, 41 = -3*p - 2*o + 121. Suppose 2*z - p = -0*z. Let i(w) = -w**3 + 5*w**2 + 3*w - 4. What is t